{"id":102,"date":"2022-10-15T11:02:56","date_gmt":"2022-10-15T08:02:56","guid":{"rendered":"http:\/\/www.karistystanod.fi\/?page_id=102"},"modified":"2025-01-14T21:35:59","modified_gmt":"2025-01-14T18:35:59","slug":"olga-hemmet","status":"publish","type":"page","link":"https:\/\/www.karistystanod.fi\/?page_id=102","title":{"rendered":"Olga-hemmet"},"content":{"rendered":"\n<h2 class=\"wp-block-heading alignwide\" id=\"h.dflbxooxv8mh_l\"><br>Olga-hemmet &#8211; byggande av sociala bost\u00e4der, verkst\u00e4llande av en gammal dr\u00f6m<\/h2>\n\n\n\n<figure class=\"wp-block-image alignwide size-large\"><img loading=\"lazy\" decoding=\"async\" width=\"1024\" height=\"271\" src=\"https:\/\/www.karistystanod.fi\/wp-content\/uploads\/2025\/01\/Skarmavbild-2025-01-14-kl.-12.47.58-1024x271.png\" alt=\"\" class=\"wp-image-163\" srcset=\"https:\/\/www.karistystanod.fi\/wp-content\/uploads\/2025\/01\/Skarmavbild-2025-01-14-kl.-12.47.58-1024x271.png 1024w, https:\/\/www.karistystanod.fi\/wp-content\/uploads\/2025\/01\/Skarmavbild-2025-01-14-kl.-12.47.58-300x79.png 300w, https:\/\/www.karistystanod.fi\/wp-content\/uploads\/2025\/01\/Skarmavbild-2025-01-14-kl.-12.47.58-768x203.png 768w, https:\/\/www.karistystanod.fi\/wp-content\/uploads\/2025\/01\/Skarmavbild-2025-01-14-kl.-12.47.58-1536x406.png 1536w, https:\/\/www.karistystanod.fi\/wp-content\/uploads\/2025\/01\/Skarmavbild-2025-01-14-kl.-12.47.58-1200x317.png 1200w, https:\/\/www.karistystanod.fi\/wp-content\/uploads\/2025\/01\/Skarmavbild-2025-01-14-kl.-12.47.58.png 1790w\" sizes=\"auto, (max-width: 1024px) 100vw, 1024px\" \/><\/figure>\n\n\n\n<p class=\"has-large-font-size\"><br><em><strong>Stiftelsen Olga-hemmet<\/strong><\/em><br><br><br>Med donationspengar deltog f\u00f6reningen \u00e5r 1989 i grundande av stiftelsen Olga-hemmet tillsammans med Mj\u00f6lbolsta Patientf\u00f6rening.<\/p>\n\n\n\n<p class=\"has-large-font-size\">Tanken om att p\u00e5 n\u00e5got s\u00e4tt bidraga till f\u00f6rm\u00e5nliga bost\u00e4der f\u00f6r pension\u00e4rer har varit en kungstanke f\u00f6r Karis Tysta N\u00f6d rf \u00e4nda fr\u00e5n begynnelsen \u00e5r 1936.<\/p>\n\n\n\n<p class=\"has-large-font-size\">Det var allts\u00e5 ett viktigt m\u00e5l som uppn\u00e5ddes n\u00e4r Olga-hemmet blev f\u00e4rdigt.<\/p>\n\n\n\n<p class=\"has-primary-color has-text-color has-link-color has-large-font-size wp-elements-ebe9a9fd592eeeec5fd04b879f98ea49\">L\u00e4s mera i sidan om<a data-external=\"true\" href=\"https:\/\/sites.google.com\/view\/karistystanod\/historia?authuser=0\"> historia.<\/a><br><br>Stiftelsen uppr\u00e4tth\u00e5ller fem bostadshus i L\u00f6vkulla, med totalt 24 bost\u00e4der, samt klubbhus och bastu.<br>Bost\u00e4derna uthyres i f\u00f6rsta hand p\u00e5 sociala grunder.<br><br>Hyresniv\u00e5n \u00e4r i niv\u00e5 med den som Raseborgs stad uppr\u00e4tth\u00e5ller.<br><\/p>\n\n\n\n<p class=\"has-large-font-size\"><strong>Husens f\u00f6rvaltning<\/strong><br><br>Stiftelsens praktiska verksamhet sk\u00f6tes av PNC disponentbyr\u00e5 och intresserade kan kontakta disp. Peter Nyn\u00e4s:<br><br>PNC Service Oy Ab<\/p>\n\n\n\n<p>Adress: Centralgatan 86-88 A 13 10300 Karis<\/p>\n\n\n\n<p>Tel: 0440-233 714<\/p>\n\n\n\n<p>E-posti: peter.nynas@pncservice.fi<\/p>\n\n\n\n<figure class=\"wp-block-image alignwide size-large\"><img loading=\"lazy\" decoding=\"async\" width=\"723\" height=\"1024\" src=\"http:\/\/www.karistystanod.fi\/wp-content\/uploads\/2022\/10\/Karis-Tysta-No\u0308d_urklipp1-723x1024.jpg\" alt=\"\" class=\"wp-image-103\" srcset=\"https:\/\/www.karistystanod.fi\/wp-content\/uploads\/2022\/10\/Karis-Tysta-No\u0308d_urklipp1-723x1024.jpg 723w, https:\/\/www.karistystanod.fi\/wp-content\/uploads\/2022\/10\/Karis-Tysta-No\u0308d_urklipp1-212x300.jpg 212w, https:\/\/www.karistystanod.fi\/wp-content\/uploads\/2022\/10\/Karis-Tysta-No\u0308d_urklipp1-768x1088.jpg 768w, https:\/\/www.karistystanod.fi\/wp-content\/uploads\/2022\/10\/Karis-Tysta-No\u0308d_urklipp1-1084x1536.jpg 1084w, https:\/\/www.karistystanod.fi\/wp-content\/uploads\/2022\/10\/Karis-Tysta-No\u0308d_urklipp1-1200x1701.jpg 1200w, https:\/\/www.karistystanod.fi\/wp-content\/uploads\/2022\/10\/Karis-Tysta-No\u0308d_urklipp1.jpg 1280w\" sizes=\"auto, (max-width: 723px) 100vw, 723px\" \/><figcaption class=\"wp-element-caption\">Olga-hemmet klart f\u00f6r inflyttning &#8211; artikel i V\u00e4stra Nyland mars 1990 fr\u00e5n Lokalarkivet Arrestens arkiv<\/figcaption><\/figure>\n","protected":false},"excerpt":{"rendered":"<p>Olga-hemmet &#8211; byggande av sociala bost\u00e4der, verkst\u00e4llande av en gammal dr\u00f6m Stiftelsen Olga-hemmet Med donationspengar deltog f\u00f6reningen \u00e5r 1989 i grundande av stiftelsen Olga-hemmet tillsammans med Mj\u00f6lbolsta Patientf\u00f6rening. Tanken om att p\u00e5 n\u00e5got s\u00e4tt bidraga till f\u00f6rm\u00e5nliga bost\u00e4der f\u00f6r pension\u00e4rer har varit en kungstanke f\u00f6r Karis Tysta N\u00f6d rf \u00e4nda fr\u00e5n begynnelsen \u00e5r 1936. Det [&hellip;]<\/p>\n","protected":false},"author":1,"featured_media":0,"parent":0,"menu_order":0,"comment_status":"closed","ping_status":"closed","template":"","meta":{"footnotes":""},"class_list":["post-102","page","type-page","status-publish","hentry"],"_links":{"self":[{"href":"https:\/\/www.karistystanod.fi\/index.php?rest_route=\/wp\/v2\/pages\/102","targetHints":{"allow":["GET"]}}],"collection":[{"href":"https:\/\/www.karistystanod.fi\/index.php?rest_route=\/wp\/v2\/pages"}],"about":[{"href":"https:\/\/www.karistystanod.fi\/index.php?rest_route=\/wp\/v2\/types\/page"}],"author":[{"embeddable":true,"href":"https:\/\/www.karistystanod.fi\/index.php?rest_route=\/wp\/v2\/users\/1"}],"replies":[{"embeddable":true,"href":"https:\/\/www.karistystanod.fi\/index.php?rest_route=%2Fwp%2Fv2%2Fcomments&post=102"}],"version-history":[{"count":4,"href":"https:\/\/www.karistystanod.fi\/index.php?rest_route=\/wp\/v2\/pages\/102\/revisions"}],"predecessor-version":[{"id":225,"href":"https:\/\/www.karistystanod.fi\/index.php?rest_route=\/wp\/v2\/pages\/102\/revisions\/225"}],"wp:attachment":[{"href":"https:\/\/www.karistystanod.fi\/index.php?rest_route=%2Fwp%2Fv2%2Fmedia&parent=102"}],"curies":[{"name":"wp","href":"https:\/\/api.w.org\/{rel}","templated":true}]}}

<h2 class="wp-block-heading alignwide" id="h.dflbxooxv8mh_l"><br>Olga-hemmet &#8211; byggande av sociala bostäder, verkställande av en gammal dröm</h2>



<figure class="wp-block-image alignwide size-large"><img loading="lazy" decoding="async" width="1024" height="271" src="https://www.karistystanod.fi/wp-content/uploads/2025/01/Skarmavbild-2025-01-14-kl.-12.47.58-1024x271.png" alt="" class="wp-image-163" srcset="https://www.karistystanod.fi/wp-content/uploads/2025/01/Skarmavbild-2025-01-14-kl.-12.47.58-1024x271.png 1024w, https://www.karistystanod.fi/wp-content/uploads/2025/01/Skarmavbild-2025-01-14-kl.-12.47.58-300x79.png 300w, https://www.karistystanod.fi/wp-content/uploads/2025/01/Skarmavbild-2025-01-14-kl.-12.47.58-768x203.png 768w, https://www.karistystanod.fi/wp-content/uploads/2025/01/Skarmavbild-2025-01-14-kl.-12.47.58-1536x406.png 1536w, https://www.karistystanod.fi/wp-content/uploads/2025/01/Skarmavbild-2025-01-14-kl.-12.47.58-1200x317.png 1200w, https://www.karistystanod.fi/wp-content/uploads/2025/01/Skarmavbild-2025-01-14-kl.-12.47.58.png 1790w" sizes="auto, (max-width: 1024px) 100vw, 1024px" /></figure>



<p class="has-large-font-size"><br><em><strong>Stiftelsen Olga-hemmet</strong></em><br><br><br>Med donationspengar deltog föreningen år 1989 i grundande av stiftelsen Olga-hemmet tillsammans med Mjölbolsta Patientförening.</p>



<p class="has-large-font-size">Tanken om att på något sätt bidraga till förmånliga bostäder för pensionärer har varit en kungstanke för Karis Tysta Nöd rf ända från begynnelsen år 1936.</p>



<p class="has-large-font-size">Det var alltså ett viktigt mål som uppnåddes när Olga-hemmet blev färdigt.</p>



<p class="has-primary-color has-text-color has-link-color has-large-font-size wp-elements-ebe9a9fd592eeeec5fd04b879f98ea49">Läs mera i sidan om<a data-external="true" href="https://sites.google.com/view/karistystanod/historia?authuser=0"> historia.</a><br><br>Stiftelsen upprätthåller fem bostadshus i Lövkulla, med totalt 24 bostäder, samt klubbhus och bastu.<br>Bostäderna uthyres i första hand på sociala grunder.<br><br>Hyresnivån är i nivå med den som Raseborgs stad upprätthåller.<br></p>



<p class="has-large-font-size"><strong>Husens förvaltning</strong><br><br>Stiftelsens praktiska verksamhet skötes av PNC disponentbyrå och intresserade kan kontakta disp. Peter Nynäs:<br><br>PNC Service Oy Ab</p>



<p>Adress: Centralgatan 86-88 A 13 10300 Karis</p>



<p>Tel: 0440-233 714</p>



<p>E-posti: peter.nynas@pncservice.fi</p>



<figure class="wp-block-image alignwide size-large"><img loading="lazy" decoding="async" width="723" height="1024" src="http://www.karistystanod.fi/wp-content/uploads/2022/10/Karis-Tysta-Nöd_urklipp1-723x1024.jpg" alt="" class="wp-image-103" srcset="https://www.karistystanod.fi/wp-content/uploads/2022/10/Karis-Tysta-Nöd_urklipp1-723x1024.jpg 723w, https://www.karistystanod.fi/wp-content/uploads/2022/10/Karis-Tysta-Nöd_urklipp1-212x300.jpg 212w, https://www.karistystanod.fi/wp-content/uploads/2022/10/Karis-Tysta-Nöd_urklipp1-768x1088.jpg 768w, https://www.karistystanod.fi/wp-content/uploads/2022/10/Karis-Tysta-Nöd_urklipp1-1084x1536.jpg 1084w, https://www.karistystanod.fi/wp-content/uploads/2022/10/Karis-Tysta-Nöd_urklipp1-1200x1701.jpg 1200w, https://www.karistystanod.fi/wp-content/uploads/2022/10/Karis-Tysta-Nöd_urklipp1.jpg 1280w" sizes="auto, (max-width: 723px) 100vw, 723px" /><figcaption class="wp-element-caption">Olga-hemmet klart för inflyttning &#8211; artikel i Västra Nyland mars 1990 från Lokalarkivet Arrestens arkiv</figcaption></figure>

<p>Olga-hemmet &#8211; byggande av sociala bostäder, verkställande av en gammal dröm Stiftelsen Olga-hemmet Med donationspengar deltog föreningen år 1989 i grundande av stiftelsen Olga-hemmet tillsammans med Mjölbolsta Patientförening. Tanken om att på något sätt bidraga till förmånliga bostäder för pensionärer har varit en kungstanke för Karis Tysta Nöd rf ända från begynnelsen år 1936. Det [&hellip;]</p>
